{"id":310,"date":"2025-12-03T18:21:13","date_gmt":"2025-12-03T18:21:13","guid":{"rendered":"https:\/\/edgetvqc.com\/?post_type=product&#038;p=310"},"modified":"2026-04-08T22:59:35","modified_gmt":"2026-04-08T22:59:35","slug":"formuler-z11-pro-bt1","status":"publish","type":"product","link":"https:\/\/edgetvqc.com\/index.php\/product\/formuler-z11-pro-bt1\/","title":{"rendered":"Formuler Z11 Pro BT1"},"content":{"rendered":"<p style=\"text-align: center;\"><strong>N\u2019oubliez pas de vous abonner \u00e0 nos services \u00e0 l\u2019achat de votre d\u00e9codeur.<\/strong><\/p>\n<p style=\"text-align: center;\"><strong>Edge Tv Qu\u00e9bec\u00a0 <a href=\"https:\/\/edgetvqc.com\/index.php\/product-category\/abonnements\/\">lien pour l\u2019abonnement<\/a>\u00a0<\/strong><\/p>\n<p>Le Formuler Z11 Pro BT1 est un d\u00e9codeur Android IPTV 4K ultra-performant, Wi-Fi 6 et t\u00e9l\u00e9commande Bluetooth BT1.<\/p>\n<p data-start=\"94\" data-end=\"131\"><strong data-start=\"97\" data-end=\"131\">Composantes dans la bo\u00eete :<\/strong><\/p>\n<ul>\n<li data-start=\"135\" data-end=\"176\">R\u00e9cepteur multim\u00e9dia Formuler Z11 Pro<\/li>\n<li data-start=\"179\" data-end=\"209\">T\u00e9l\u00e9commande Bluetooth BT1<\/li>\n<li data-start=\"212\" data-end=\"226\">C\u00e2ble HDMI<\/li>\n<li data-start=\"229\" data-end=\"268\">Extension de t\u00e9l\u00e9commande (IR Extender)<\/li>\n<li data-start=\"271\" data-end=\"296\">Adaptateur d\u2019alimentation<\/li>\n<li data-start=\"299\" data-end=\"325\">Piles pour la t\u00e9l\u00e9commande<\/li>\n<li data-start=\"328\" data-end=\"355\">Guide d\u2019installation rapide<\/li>\n<\/ul>\n<p data-start=\"362\" data-end=\"389\"><strong data-start=\"365\" data-end=\"389\">Sp\u00e9cifications :<\/strong><\/p>\n<ul>\n<li data-start=\"393\" data-end=\"433\">\u00c9mulateur int\u00e9gr\u00e9 : MYTVOnline 3.0<\/li>\n<li data-start=\"436\" data-end=\"465\">M\u00e9moire RAM : 2 Go DDR4<\/li>\n<li data-start=\"468\" data-end=\"535\">Stockage interne : 16 Go eMMC (extensible via microSD ou USB)<\/li>\n<li data-start=\"538\" data-end=\"579\">Syst\u00e8me d\u2019exploitation : Android 11<\/li>\n<li data-start=\"582\" data-end=\"645\">Lecture vid\u00e9o : R\u00e9solution jusqu\u2019\u00e0 4K @ 60 fps, HDR10<\/li>\n<li data-start=\"648\" data-end=\"705\">D\u00e9codage vid\u00e9o : AV1, H.265\/HEVC, H.264, MPEG, etc.<\/li>\n<li data-start=\"708\" data-end=\"775\">Enregistrement (PVR) : via cl\u00e9 USB, disque dur externe ou NAS<\/li>\n<li data-start=\"778\" data-end=\"826\">Wi-Fi : Dual Band 2&#215;2 AC (2.4 GHz \/ 5 GHz)<\/li>\n<li data-start=\"829\" data-end=\"885\">Bluetooth : 5.0 (pour t\u00e9l\u00e9commande et accessoires)<\/li>\n<li data-start=\"888\" data-end=\"921\">Ethernet : Gigabit (1 Gbps)<\/li>\n<li data-start=\"924\" data-end=\"937\">Ports :<\/li>\n<li data-start=\"942\" data-end=\"955\">1 \u00d7 USB 3.0<\/li>\n<li data-start=\"960\" data-end=\"973\">1 \u00d7 USB 2.0<\/li>\n<li data-start=\"978\" data-end=\"997\">1 \u00d7 fente microSD<\/li>\n<li data-start=\"1002\" data-end=\"1012\">1 \u00d7 HDMI<\/li>\n<li data-start=\"1017\" data-end=\"1034\">1 \u00d7 IR Extender<\/li>\n<li data-start=\"1037\" data-end=\"1078\">Sortie vid\u00e9o : 4K UHD (3840 \u00d7 2160)<\/li>\n<li data-start=\"1081\" data-end=\"1116\">Processeur : Realtek RTD1319C<\/li>\n<li data-start=\"1119\" data-end=\"1161\">Carte graphique (GPU) : Mali-G57 MC1<\/li>\n<\/ul>\n<p>Pour toute question, visitez notre\u00a0<a class=\"cursor-pointer\" href=\"https:\/\/edgetvqc.com\/index.php\/faq\/\" target=\"_blank\" rel=\"noopener\" data-start=\"486\" data-end=\"516\">FAQ<\/a>\u00a0ou\u00a0<a class=\"cursor-pointer\" href=\"https:\/\/edgetvqc.com\/index.php\/contact\/\" target=\"_blank\" rel=\"noopener\" data-start=\"520\" data-end=\"565\">Contactez-nous<\/a>.<\/p>\n","protected":false},"excerpt":{"rendered":"<div class=\"summary entry-summary\">\n<div class=\"summary-container\">\n<div class=\"post-content woocommerce-product-details__short-description\">\n<p>La Formuler Z11 Pro BT1 est une box multim\u00e9dia Android 4K UHD pens\u00e9e pour le streaming IPTV\/OTT, combinant performance, simplicit\u00e9 d\u2019usage et compatibilit\u00e9 avec de nombreux formats vid\u00e9o \u2014 id\u00e9ale pour regarder films, s\u00e9ries, cha\u00eenes TV, etc. Elle fonctionne avec l\u2019OS Android 11 et l\u2019interface exclusive MyTVOnline 3.<\/p>\n<p>Pour plus de d\u00e9tails, contactez un de nos agents.<\/p>\n<\/div>\n<form class=\"cart\" action=\"https:\/\/ohbentv.com\/produit\/formuler-z11-pro-max-bt1\/\" enctype=\"multipart\/form-data\" method=\"post\"><\/form>\n<\/div>\n<\/div>\n<div class=\"woocommerce-tabs wc-tabs-wrapper\">\n<p><em>*Prix incluant les taxes et la livraison au Canada.<\/em><\/p>\n<\/div>\n","protected":false},"featured_media":311,"template":"","meta":[],"product_brand":[],"product_cat":[16],"product_tag":[],"class_list":{"0":"post-310","1":"product","2":"type-product","3":"status-publish","4":"has-post-thumbnail","6":"product_cat-decodeurs","8":"first","9":"instock","10":"shipping-taxable","11":"purchasable","12":"product-type-simple"},"yoast_head":"<!-- This site is optimized with the Yoast SEO plugin v27.5 - https:\/\/yoast.com\/product\/yoast-seo-wordpress\/ -->\n<title>Formuler Z11 Pro BT1 - Edge Tv Qu\u00e9bec<\/title>\n<meta name=\"description\" content=\"D\u00e9codeur Android Formuler Z11 Pro Max BT1 \u2013 4K, MyTVOnline 3, t\u00e9l\u00e9commande Bluetooth, id\u00e9al pour IPTV Edge TV Qu\u00e9bec. Haute performance garantie.\" \/>\n<meta name=\"robots\" content=\"index, follow, max-snippet:-1, max-image-preview:large, max-video-preview:-1\" \/>\n<link rel=\"canonical\" href=\"https:\/\/edgetvqc.com\/index.php\/product\/formuler-z11-pro-bt1\/\" \/>\n<meta property=\"og:locale\" content=\"fr_CA\" \/>\n<meta property=\"og:type\" content=\"article\" \/>\n<meta property=\"og:title\" content=\"Formuler Z11 Pro BT1 - Edge Tv Qu\u00e9bec\" \/>\n<meta property=\"og:description\" content=\"D\u00e9codeur Android Formuler Z11 Pro Max BT1 \u2013 4K, MyTVOnline 3, t\u00e9l\u00e9commande Bluetooth, id\u00e9al pour IPTV Edge TV Qu\u00e9bec. Haute performance garantie.\" \/>\n<meta property=\"og:url\" content=\"https:\/\/edgetvqc.com\/index.php\/product\/formuler-z11-pro-bt1\/\" \/>\n<meta property=\"og:site_name\" content=\"Edge Tv Qu\u00e9bec\" \/>\n<meta property=\"article:modified_time\" content=\"2026-04-08T22:59:35+00:00\" \/>\n<meta property=\"og:image\" content=\"https:\/\/edgetvqc.com\/wp-content\/uploads\/2025\/12\/Formuler-Z11-pro-bt1.jpeg\" \/>\n\t<meta property=\"og:image:width\" content=\"500\" \/>\n\t<meta property=\"og:image:height\" content=\"499\" \/>\n\t<meta property=\"og:image:type\" content=\"image\/jpeg\" \/>\n<meta name=\"twitter:card\" content=\"summary_large_image\" \/>\n<meta name=\"twitter:label1\" content=\"Estimation du temps de lecture\" \/>\n\t<meta name=\"twitter:data1\" content=\"2 minutes\" \/>\n<script type=\"application\/ld+json\" class=\"yoast-schema-graph\">{\"@context\":\"https:\\\/\\\/schema.org\",\"@graph\":[{\"@type\":\"WebPage\",\"@id\":\"https:\\\/\\\/edgetvqc.com\\\/index.php\\\/product\\\/formuler-z11-pro-bt1\\\/\",\"url\":\"https:\\\/\\\/edgetvqc.com\\\/index.php\\\/product\\\/formuler-z11-pro-bt1\\\/\",\"name\":\"Formuler Z11 Pro BT1 - Edge Tv Qu\u00e9bec\",\"isPartOf\":{\"@id\":\"https:\\\/\\\/edgetvqc.com\\\/#website\"},\"primaryImageOfPage\":{\"@id\":\"https:\\\/\\\/edgetvqc.com\\\/index.php\\\/product\\\/formuler-z11-pro-bt1\\\/#primaryimage\"},\"image\":{\"@id\":\"https:\\\/\\\/edgetvqc.com\\\/index.php\\\/product\\\/formuler-z11-pro-bt1\\\/#primaryimage\"},\"thumbnailUrl\":\"https:\\\/\\\/edgetvqc.com\\\/wp-content\\\/uploads\\\/2025\\\/12\\\/Formuler-Z11-pro-bt1.jpeg\",\"datePublished\":\"2025-12-03T18:21:13+00:00\",\"dateModified\":\"2026-04-08T22:59:35+00:00\",\"description\":\"D\u00e9codeur Android Formuler Z11 Pro Max BT1 \u2013 4K, MyTVOnline 3, t\u00e9l\u00e9commande Bluetooth, id\u00e9al pour IPTV Edge TV Qu\u00e9bec. Haute performance garantie.\",\"breadcrumb\":{\"@id\":\"https:\\\/\\\/edgetvqc.com\\\/index.php\\\/product\\\/formuler-z11-pro-bt1\\\/#breadcrumb\"},\"inLanguage\":\"fr-CA\",\"potentialAction\":[{\"@type\":\"ReadAction\",\"target\":[\"https:\\\/\\\/edgetvqc.com\\\/index.php\\\/product\\\/formuler-z11-pro-bt1\\\/\"]}]},{\"@type\":\"ImageObject\",\"inLanguage\":\"fr-CA\",\"@id\":\"https:\\\/\\\/edgetvqc.com\\\/index.php\\\/product\\\/formuler-z11-pro-bt1\\\/#primaryimage\",\"url\":\"https:\\\/\\\/edgetvqc.com\\\/wp-content\\\/uploads\\\/2025\\\/12\\\/Formuler-Z11-pro-bt1.jpeg\",\"contentUrl\":\"https:\\\/\\\/edgetvqc.com\\\/wp-content\\\/uploads\\\/2025\\\/12\\\/Formuler-Z11-pro-bt1.jpeg\",\"width\":500,\"height\":499},{\"@type\":\"BreadcrumbList\",\"@id\":\"https:\\\/\\\/edgetvqc.com\\\/index.php\\\/product\\\/formuler-z11-pro-bt1\\\/#breadcrumb\",\"itemListElement\":[{\"@type\":\"ListItem\",\"position\":1,\"name\":\"Accueil\",\"item\":\"https:\\\/\\\/edgetvqc.com\\\/\"},{\"@type\":\"ListItem\",\"position\":2,\"name\":\"Boutique\",\"item\":\"https:\\\/\\\/edgetvqc.com\\\/index.php\\\/boutique\\\/\"},{\"@type\":\"ListItem\",\"position\":3,\"name\":\"Formuler Z11 Pro BT1\"}]},{\"@type\":\"WebSite\",\"@id\":\"https:\\\/\\\/edgetvqc.com\\\/#website\",\"url\":\"https:\\\/\\\/edgetvqc.com\\\/\",\"name\":\"Edge Tv Qu\u00e9bec\",\"description\":\"\",\"publisher\":{\"@id\":\"https:\\\/\\\/edgetvqc.com\\\/#organization\"},\"potentialAction\":[{\"@type\":\"SearchAction\",\"target\":{\"@type\":\"EntryPoint\",\"urlTemplate\":\"https:\\\/\\\/edgetvqc.com\\\/?s={search_term_string}\"},\"query-input\":{\"@type\":\"PropertyValueSpecification\",\"valueRequired\":true,\"valueName\":\"search_term_string\"}}],\"inLanguage\":\"fr-CA\"},{\"@type\":\"Organization\",\"@id\":\"https:\\\/\\\/edgetvqc.com\\\/#organization\",\"name\":\"Edge Tv Qu\u00e9bec\",\"url\":\"https:\\\/\\\/edgetvqc.com\\\/\",\"logo\":{\"@type\":\"ImageObject\",\"inLanguage\":\"fr-CA\",\"@id\":\"https:\\\/\\\/edgetvqc.com\\\/#\\\/schema\\\/logo\\\/image\\\/\",\"url\":\"https:\\\/\\\/edgetvqc.com\\\/wp-content\\\/uploads\\\/2025\\\/07\\\/cropped-EDGE-TV-Quebec.png\",\"contentUrl\":\"https:\\\/\\\/edgetvqc.com\\\/wp-content\\\/uploads\\\/2025\\\/07\\\/cropped-EDGE-TV-Quebec.png\",\"width\":810,\"height\":655,\"caption\":\"Edge Tv Qu\u00e9bec\"},\"image\":{\"@id\":\"https:\\\/\\\/edgetvqc.com\\\/#\\\/schema\\\/logo\\\/image\\\/\"}}]}<\/script>\n<!-- \/ Yoast SEO plugin. -->","yoast_head_json":{"title":"Formuler Z11 Pro BT1 - Edge Tv Qu\u00e9bec","description":"D\u00e9codeur Android Formuler Z11 Pro Max BT1 \u2013 4K, MyTVOnline 3, t\u00e9l\u00e9commande Bluetooth, id\u00e9al pour IPTV Edge TV Qu\u00e9bec. Haute performance garantie.","robots":{"index":"index","follow":"follow","max-snippet":"max-snippet:-1","max-image-preview":"max-image-preview:large","max-video-preview":"max-video-preview:-1"},"canonical":"https:\/\/edgetvqc.com\/index.php\/product\/formuler-z11-pro-bt1\/","og_locale":"fr_CA","og_type":"article","og_title":"Formuler Z11 Pro BT1 - Edge Tv Qu\u00e9bec","og_description":"D\u00e9codeur Android Formuler Z11 Pro Max BT1 \u2013 4K, MyTVOnline 3, t\u00e9l\u00e9commande Bluetooth, id\u00e9al pour IPTV Edge TV Qu\u00e9bec. Haute performance garantie.","og_url":"https:\/\/edgetvqc.com\/index.php\/product\/formuler-z11-pro-bt1\/","og_site_name":"Edge Tv Qu\u00e9bec","article_modified_time":"2026-04-08T22:59:35+00:00","og_image":[{"width":500,"height":499,"url":"https:\/\/edgetvqc.com\/wp-content\/uploads\/2025\/12\/Formuler-Z11-pro-bt1.jpeg","type":"image\/jpeg"}],"twitter_card":"summary_large_image","twitter_misc":{"Estimation du temps de lecture":"2 minutes"},"schema":{"@context":"https:\/\/schema.org","@graph":[{"@type":"WebPage","@id":"https:\/\/edgetvqc.com\/index.php\/product\/formuler-z11-pro-bt1\/","url":"https:\/\/edgetvqc.com\/index.php\/product\/formuler-z11-pro-bt1\/","name":"Formuler Z11 Pro BT1 - Edge Tv Qu\u00e9bec","isPartOf":{"@id":"https:\/\/edgetvqc.com\/#website"},"primaryImageOfPage":{"@id":"https:\/\/edgetvqc.com\/index.php\/product\/formuler-z11-pro-bt1\/#primaryimage"},"image":{"@id":"https:\/\/edgetvqc.com\/index.php\/product\/formuler-z11-pro-bt1\/#primaryimage"},"thumbnailUrl":"https:\/\/edgetvqc.com\/wp-content\/uploads\/2025\/12\/Formuler-Z11-pro-bt1.jpeg","datePublished":"2025-12-03T18:21:13+00:00","dateModified":"2026-04-08T22:59:35+00:00","description":"D\u00e9codeur Android Formuler Z11 Pro Max BT1 \u2013 4K, MyTVOnline 3, t\u00e9l\u00e9commande Bluetooth, id\u00e9al pour IPTV Edge TV Qu\u00e9bec. Haute performance garantie.","breadcrumb":{"@id":"https:\/\/edgetvqc.com\/index.php\/product\/formuler-z11-pro-bt1\/#breadcrumb"},"inLanguage":"fr-CA","potentialAction":[{"@type":"ReadAction","target":["https:\/\/edgetvqc.com\/index.php\/product\/formuler-z11-pro-bt1\/"]}]},{"@type":"ImageObject","inLanguage":"fr-CA","@id":"https:\/\/edgetvqc.com\/index.php\/product\/formuler-z11-pro-bt1\/#primaryimage","url":"https:\/\/edgetvqc.com\/wp-content\/uploads\/2025\/12\/Formuler-Z11-pro-bt1.jpeg","contentUrl":"https:\/\/edgetvqc.com\/wp-content\/uploads\/2025\/12\/Formuler-Z11-pro-bt1.jpeg","width":500,"height":499},{"@type":"BreadcrumbList","@id":"https:\/\/edgetvqc.com\/index.php\/product\/formuler-z11-pro-bt1\/#breadcrumb","itemListElement":[{"@type":"ListItem","position":1,"name":"Accueil","item":"https:\/\/edgetvqc.com\/"},{"@type":"ListItem","position":2,"name":"Boutique","item":"https:\/\/edgetvqc.com\/index.php\/boutique\/"},{"@type":"ListItem","position":3,"name":"Formuler Z11 Pro BT1"}]},{"@type":"WebSite","@id":"https:\/\/edgetvqc.com\/#website","url":"https:\/\/edgetvqc.com\/","name":"Edge Tv Qu\u00e9bec","description":"","publisher":{"@id":"https:\/\/edgetvqc.com\/#organization"},"potentialAction":[{"@type":"SearchAction","target":{"@type":"EntryPoint","urlTemplate":"https:\/\/edgetvqc.com\/?s={search_term_string}"},"query-input":{"@type":"PropertyValueSpecification","valueRequired":true,"valueName":"search_term_string"}}],"inLanguage":"fr-CA"},{"@type":"Organization","@id":"https:\/\/edgetvqc.com\/#organization","name":"Edge Tv Qu\u00e9bec","url":"https:\/\/edgetvqc.com\/","logo":{"@type":"ImageObject","inLanguage":"fr-CA","@id":"https:\/\/edgetvqc.com\/#\/schema\/logo\/image\/","url":"https:\/\/edgetvqc.com\/wp-content\/uploads\/2025\/07\/cropped-EDGE-TV-Quebec.png","contentUrl":"https:\/\/edgetvqc.com\/wp-content\/uploads\/2025\/07\/cropped-EDGE-TV-Quebec.png","width":810,"height":655,"caption":"Edge Tv Qu\u00e9bec"},"image":{"@id":"https:\/\/edgetvqc.com\/#\/schema\/logo\/image\/"}}]}},"_links":{"self":[{"href":"https:\/\/edgetvqc.com\/index.php\/wp-json\/wp\/v2\/product\/310","targetHints":{"allow":["GET"]}}],"collection":[{"href":"https:\/\/edgetvqc.com\/index.php\/wp-json\/wp\/v2\/product"}],"about":[{"href":"https:\/\/edgetvqc.com\/index.php\/wp-json\/wp\/v2\/types\/product"}],"wp:featuredmedia":[{"embeddable":true,"href":"https:\/\/edgetvqc.com\/index.php\/wp-json\/wp\/v2\/media\/311"}],"wp:attachment":[{"href":"https:\/\/edgetvqc.com\/index.php\/wp-json\/wp\/v2\/media?parent=310"}],"wp:term":[{"taxonomy":"product_brand","embeddable":true,"href":"https:\/\/edgetvqc.com\/index.php\/wp-json\/wp\/v2\/product_brand?post=310"},{"taxonomy":"product_cat","embeddable":true,"href":"https:\/\/edgetvqc.com\/index.php\/wp-json\/wp\/v2\/product_cat?post=310"},{"taxonomy":"product_tag","embeddable":true,"href":"https:\/\/edgetvqc.com\/index.php\/wp-json\/wp\/v2\/product_tag?post=310"}],"curies":[{"name":"wp","href":"https:\/\/api.w.org\/{rel}","templated":true}]}}